399969 composite?
False
Is 40458389 prime?
False
Is 117381919 a prime number?
True
Is 3968483 a composite number?
False
Is 5095919 prime?
True
Is 13281157 a prime number?
True
Is 1470559 a prime number?
True
Is 43965773 a prime number?
False
Is 3860777 composite?
False
Is 27004487 a prime number?
False
Is 26186073 a composite number?
True
Is 47476309 composite?
False
Is 5535853 composite?
False
Is 7073321 a composite number?
True
Is 209151583 composite?
False
Is 677579 a prime number?
False
Is 66832613 prime?
True
Is 151909657 a composite number?
False
Is 105756229 a composite number?
False
Is 476195 a prime number?
False
Is 3675695 a composite number?
True
Is 11440739 composite?
True
Is 6562169 prime?
True
Is 1768709 composite?
False
Is 63925289 prime?
True
Is 280722253 a composite number?
True
Is 153587067 a composite number?
True
Is 673091 composite?
False
Is 7528867 prime?
True
Is 10928791 prime?
False
Is 2047579 a composite number?
True
Is 4078793 a composite number?
True
Is 455183 prime?
False
Is 78719497 composite?
False
Is 12279829 a prime number?
True
Is 62437 a prime number?
False
Is 162576181 a composite number?
True
Is 2548391 a prime number?
True
Is 1321837 composite?
True
Is 16872967 prime?
True
Is 15071023 composite?
True
Is 115846187 prime?
False
Is 15840811 prime?
False
Is 860999 composite?
True
Is 26953319 a prime number?
False
Is 44359529 composite?
False
Is 56331973 a composite number?
False
Is 304200461 composite?
True
Is 1397653 a prime number?
False
Is 3130291 composite?
False
Is 10528561 a prime number?
False
Is 8963543 a composite number?
True
Is 2911721 composite?
False
Is 6874139 a composite number?
False
Is 7745389 a composite number?
True
Is 283750091 prime?
True
Is 3899279 a composite number?
False
Is 33542219 prime?
True
Is 34047803 prime?
True
Is 815029 composite?
False
Is 121773949 a prime number?
False
Is 552815 a prime number?
False
Is 1249261 prime?
False
Is 98395937 composite?
False
Is 193014793 composite?
False
Is 88890031 a prime number?
False
Is 1724969 composite?
False
Is 1426669 prime?
True
Is 8027917 a composite number?
True
Is 1129589 a prime number?
False
Is 1411271 prime?
True
Is 4665709 prime?
False
Is 18998249 prime?
True
Is 1412219 composite?
False
Is 141409 prime?
False
Is 8028227 a composite number?
False
Is 74428381 prime?
True
Is 92211373 a prime number?
True
Is 1450205 prime?
False
Is 132485297 a composite number?
True
Is 95686637 a prime number?
True
Is 99355133 composite?
True
Is 989057 a prime number?
False
Is 62426557 a prime number?
True
Is 2895743 composite?
False
Is 2317079 a prime number?
True
Is 10988678 a composite number?
True
Is 7375147 a prime number?
False
Is 17677241 a prime number?
False
Is 9085499 prime?
True
Is 6451747 a prime number?
False
Is 94173253 a prime number?
False
Is 142040401 a composite number?
False
Is 61867187 composite?
True
Is 2403853 a prime number?
False
Is 6219809 composite?
True
Is 23352853 prime?
False
Is 10763903 prime?
True
Is 66727813 composite?
False
Is 118643773 a prime number?
True
Is 9341023 a prime number?
True
Is 9164767 a prime number?
True
Is 8848423 a prime number?
False
Is 22498121 a composite number?
False
Is 14384462 prime?
False
Is 912997 a composite number?
True
Is 2528777 composite?
False
Is 12927631 a prime number?
True
Is 23047621 composite?
True
Is 1687769 prime?
False
Is 227794673 a composite number?
False
Is 149778737 a prime number?
False
Is 1260269 composite?
False
Is 94181141 a prime number?
False
Is 1355623 a prime number?
True
Is 541793357 a composite number?
True
Is 10660457 prime?
False
Is 1769017 composite?
False
Is 4845067 a prime number?
False
Is 188310779 composite?
False
Is 4405097 composite?
False
Is 10456409 prime?
False
Is 9839083 prime?
True
Is 15633599 a prime number?
False
Is 47683 composite?
True
Is 609265 a prime number?
False
Is 12251801 a composite number?
True
Is 79009666 composite?
True
Is 8336337 a composite number?
True
Is 1820957 prime?
True
Is 98446093 a composite number?
False
Is 18063361 prime?
True
Is 919271 composite?
True
Is 154657513 composite?
False
Is 436933969 composite?
False
Is 732931 composite?
True
Is 78586721 composite?
False
Is 64908359 prime?
True
Is 152276491 a prime number?
False
Is 250673 composite?
False
Is 55086887 prime?
True
Is 2520659 a composite number?
False
Is 13654345 a prime number?
False
Is 12095345 composite?
True
Is 6994103 prime?
True
Is 3534989 composite?
False
Is 7195897 prime?
True
Is 64609241 a composite number?
False
Is 185758621 prime?
False
Is 106531987 a prime number?
True
Is 317512149 a composite number?
True
Is 57105417 a prime number?
False
Is 18798193 prime?
False
Is 22460041 prime?
False
Is 1201861 composite?
True
Is 644417 prime?
False
Is 75864889 composite?
True
Is 1403845 composite?
True
Is 174104989 composite?
False
Is 82561823 a prime number?
False
Is 2420389 a composite number?
True
Is 200789 a composite number?
False
Is 70683871 a composite number?
True
Is 457677221 composite?
False
Is 16137617 prime?
True
Is 6711217 prime?
True
Is 12285709 composite?
False
Is 11387143 a composite number?
False
Is 10070713 a prime number?
False
Is 4587467 prime?
False
Is 3285791 prime?
False
Is 38322937 a prime number?
True
Is 61739537 prime?
True
Is 21164281 composite?
False
Is 3322063 a prime number?
False
Is 6038081 a prime number?
False
Is 9151567 composite?
True
Is 55658263 a composite number?
True
Is 2283157 a prime number?
False
Is 2043494 composite?
True
Is 403153573 a composite number?
True
Is 619363 a composite number?
False
Is 2266079 prime?
True
Is 4974563 a prime number?
False
Is 3477679 a composite number?
False
Is 126179479 prime?
False
Is 916169 prime?
True
Is 2576291 a prime number?
False
Is 8790403 a composite number?
False
Is 13025933 a composite number?
False
Is 699477 composite?
True
Is 6905345 a composite number?
True
Is 88393607 composite?
False
Is 18379523 a prime number?
True
Is 2690137 prime?
True
Is 509057 prime?
False
Is 661106141 a composite number?
False
Is 17010451 a prime number?
True
Is 16014569 composite?
True
Is 40792121 prime?
False
Is 20196083 a composite number?
False
Is 926380237 a composite number?
True
Is 16870093 a composite number?
False
Is 163307 a prime number?
True
Is 1115593 prime?
False
Is 4705933 composite?
True
Is 73859659 a prime number?
False
Is 5400443 composite?
False
Is 52795753 composite?
True
Is 1104533 composite?
False
Is 53888563 a composite number?
True
Is 7693459 a prime number?
True
Is 3742933 prime?
True
Is 1566887 a prime number?
False
Is 4766797 a prime number?
False
Is 1707789 a prime number?
False
Is 7722919 a prime number?
True
Is 1749793 composite?
True
Is 21308653 composite?
False
Is 404769989 a prime number?
False
Is 21333919 a prime number?
True
Is 4118237 composite?
True
Is 184459763 prime?
False
Is 37640321 prime?
True
Is 4920859 composite?
True
Is 749689 composite?
True
Is 3190933 prime?
False
Is 3813043 a prime number?
False
Is 17590623 composite?
True
Is 52295431 a prime number?
True
Is 316222519 composite?
True
Is 47577 a prime number?
False
Is 336998323 composite?
True
Is 25357963 prime?
False
Is 109319513 prime?
True
Is 10743157 prime?
True
Is 2829743 a composite number?
True
Is 8707411 composite?
True
Is 47067419 prime?
False
Is 4601318 prime?
False
Is 631121 composite?
False
Is 8523829 composite?
True
Is 84403087 a composite number?
False
Is 8091129 a composite number?
True
Is 233171 prime?
False
Is 814447 prime?
True
Is 3292721 prime?
False
Is 75947483 composite?
True
Is 10115463 composite?
True
Is 48855683 a composite number?
True
Is 212938057 composite?
True
Is 4735057 prime?
False
Is 4459783 a composite number?
True
Is 233173 composite?
False
Is 10257857 composite?
True
Is 550978127 composite?
True
Is 74341 composite?
True
Is 3731303 composite?
False
Is 3255367 a composite number?
False
Is 14278801 composite?
False
Is 24257251 prime?
False
Is 1876949 prime?
True
Is 8878801 a prime number?
False
Is 429066103 a composite number?
True
Is 199375777 prime?
True
Is 768391 composite?
True
Is 8897761 a prime number?
False
Is 16802381 a prime number?
False
Is 29637931 a prime number?
True
Is 15921929 prime?
False
Is 9291613 a composite number?
False
Is 235159 a composite number?
False
I